15)?
10
Let s(m) = m**2 + 3*m - 570. Determine s(-26).
28
Let k(a) = -5*a**3 - 24*a**2 - 15*a + 18. Determine k(-4).
14
Let p(s) = 4*s**3 + 85*s**2 + 6*s - 328. Determine p(-21).
-13
Let t(d) = 3*d - 149. What is t(49)?
-2
Let z(w) = 19*w + 275. Calculate z(-14).
9
Let z(g) = -2*g - 116. Determine z(-35).
-46
Let k(r) = -33*r - 141. Determine k(-3).
-42
Let m(v) = 3*v**2 + 94*v + 256. Give m(-28).
-24
Let u(y) = -10206*y - 51052. What is u(-5)?
-22
Let d(q) = q**2 - 114*q - 3274. Give d(138).
38
Let l(a) = -4*a**2 - 12*a + 2614. What is l(24)?
22
Let m(w) = 8399*w + 16804. What is m(-2)?
6
Let t(j) = -j**3 + 26*j**2 - 2*j + 187. What is t(26)?
135
Let k(j) = -2*j**3 - 12*j**2 - 86*j - 692. Determine k(-7).
8
Let u(s) = 112*s**2 - 1203*s + 2. What is u(11)?
321
Let u(q) = 32*q**2 - 6*q + 6. Determine u(1).
32
Let u(i) = 103*i + 4914. Give u(-48).
-30
Let t(o) = 83*o + 1614. What is t(-19)?
37
Let l(j) = -4*j**2 + 106*j - 634. What is l(9)?
-4
Let i(w) = -5*w**2 - 470*w + 510. What is i(-95)?
35
Let v(m) = -2*m**2 + 3*m + 358. What is v(20)?
-382
Let n(o) = -o**3 - o**2 + 2*o + 77. Give n(0).
77
Let h(s) = -294*s - 1108. What is h(-4)?
68
Let c(m) = -71*m + 9. Calculate c(-3).
222
Let r(o) = -27*o**2 - 317*o - 16. Give r(-12).
-100
Let n(s) = -9*s + 6. Give n(-3).
33
Let k(t) = -6*t**2 + 28*t - 146. Determine k(5).
-156
Let x(z) = -2*z**2 + 79*z + 920. What is x(54)?
-646
Let y(o) = -o**2 + 16*o + 2341. What is y(-41)?
4
Let y(j) = -j**2 - 39*j + 132. Calculate y(-37).
206
Let y(x) = -8*x**2 - 9*x + 37. Determine y(3).
-62
Let y(p) = -96*p - 19. Determine y(0).
-19
Let a(r) = -r**3 - 42*r**2 - 51*r - 282. What is a(-41)?
128
Let s(j) = j**3 + 38*j**2 + 193*j - 9. What is s(-32)?
-41
Let a(t) = 377*t + 75835. Give a(-201).
58
Let t(d) = 185*d - 316. Calculate t(2).
54
Let g(a) = 8*a + 452. What is g(-59)?
-20
Let v(t) = -2*t**3 - 17*t**2 + 210*t + 1612. Determine v(-7).
-5
Let f(n) = n**3 + 20*n**2 + 59*n - 77. Determine f(-16).
3
Let m(x) = 38*x - 2007. What is m(53)?
7
Let v(m) = -9*m**2 + 230*m - 57. Determine v(25).
68
Let w(k) = 9*k + 733. Determine w(-59).
202
Let o(j) = 484*j**3 - 969*j**2 + 5*j. Give o(2).
6
Let i(n) = 3*n**2 - 632*n - 5239. Give i(-8).
9
Let o(g) = -2*g**2 + 173*g + 4123. Give o(106).
-11
Let r(g) = -369*g - 7755. Determine r(-21).
-6
Let f(x) = 260*x - 4163. Calculate f(16).
-3
Let g(x) = -372*x**3 + x**2 + 3*x + 2. Determine g(-1).
372
Let u(c) = -2*c**3 - 44*c**2 - 69*c + 104. Give u(-20).
-116
Let m(i) = 2*i**3 - 9*i**2 + 16*i - 20. Give m(5).
85
Let q(h) = -2*h**2 - 64*h - 176. Calculate q(-29).
-2
Let j(x) = x**3 + 2*x**2 - 88*x + 8. Calculate j(-11).
-113
Let v(n) = n**3 - 47*n**2 + 101*n - 41. What is v(45)?
454
Let v(m) = -17*m**2 + 154*m - 317. What is v(2)?
-77
Let g(y) = -4*y**3 + 5*y**2 + 50*y - 100. What is g(2)?
-12
Let x(y) = 15*y**2 - 138*y + 31. What is x(9)?
4
Let q(t) = -1329*t - 2676. Determine q(-2).
-18
Let r(o) = 35*o + 166. Calculate r(-5).
-9
Let o(u) = u**3 - 8*u**2 + 12*u + 2. Give o(7).
37
Let i(c) = -c**2 + 27*c - 159. What is i(24)?
-87
Let l(h) = 4*h**2 - 151*h - 1554. Give l(-10).
356
Let a(h) = -10*h**2 + 347*h - 1716. What is a(6)?
6
Let s(m) = -110*m**2 - 186*m + 3. Calculate s(-2).
-65
Let a(r) = -r**2 + 25*r - 15. Give a(2).
31
Let c(o) = o**2 - 71*o + 393. What is c(65)?
3
Let s(f) = -f**3 + 11*f**2 - 16*f + 78. Give s(9).
96
Let f(l) = l**3 - 10*l**2 - 7*l - 65. Determine f(11).
-21
Let l(b) = b**2 + 72*b - 4579. Give l(-114).
209
Let q(i) = 11*i - 183. What is q(16)?
-7
Let u(t) = 84*t + 3768. What is u(-45)?
-12
Let l(p) = -23*p + 1014. Give l(45).
-21
Let r(z) = -z**3 - 12*z**2 + 28*z + 57. Calculate r(-14).
57
Let f(k) = -k**3 - 33*k**2 - 10*k - 332. What is f(-33)?
-2
Let z(w) = -w**3 - 21*w**2 - 105*w + 43. Give z(-10).
-7
Let n(a) = -a**2 - 56*a + 193. Determine n(-59).
16
Let m(c) = -73*c + 5750. Determine m(81).
-163
Let y(k) = -k**3 + 106*k**2 + 1032*k + 348. Determine y(115).
3
Let z(a) = -2*a**3 - 17*a**2 - 41*a - 71. Determine z(-6).
-5
Let i(f) = 3*f**2 - 155*f + 660. Determine i(47).
2
Let m(u) = -2*u**2 - 33*u - 58. Calculate m(-15).
-13
Let p(q) = -2*q + 153. Determine p(-1).
155
Let x(p) = 62*p**2 + 3789*p + 424. What is x(-61)?
-3
Let t(q) = 6*q**2 - 74*q - 168. Give t(-4).
224
Let j(y) = -y**3 - 17*y**2 - 78*y + 10. What is j(-8)?
58
Let i(w) = -2*w**3 + 63*w**2 - 282*w - 93. Calculate i(26).
11
Let y(w) = w**3 - 85*w**2 + 98*w - 1061. Give y(84).
115
Let v(i) = -9*i**2 + 21*i - 25. What is v(11)?
-883
Let w(q) = -14*q + 100. Calculate w(-9).
226
Let a(r) = 51*r + 951. Calculate a(-18).
33
Let y(a) = -648*a - 1343. Calculate y(-2).
-47
Let f(n) = n**3 + 18*n**2 + 63*n + 782. Determine f(-17).
0
Let a(y) = -523*y - 7144. What is a(-14)?
178
Let p(r) = r**3 - 109*r**2 + 510*r + 48. Calculate p(5).
-2
Let v(a) = 29*a**3 - 3*a - 1. Calculate v(-2).
-227
Let t(x) = 482*x + 6777. Give t(-14).
29
Let i(u) = 3999*u - 32017. Determine i(8).
-25
Let f(s) = 161*s - 30911. Determine f(192).
1
Let d(b) = -b**2 + 15*b - 10. What is d(9)?
44
Let u(p) = -3*p**2 + 33*p + 171. What is u(-6)?
-135
Let x(i) = -23*i**2 - 1362*i - 1361. What is x(-1)?
-22
Let x(d) = -5*d**2 + 84*d - 240. Determine x(19).
-449
Let r(x) = 1759*x + 1813. Calculate r(-1).
54
Let v(r) = -r**2 - 42*r - 8. Determine v(-42).
-8
Let w(f) = -78*f + 1227. What is w(17)?
-99
Let l(g) = -11*g**2 - 27*g - 5. What is l(-3)?
-23
Let k(p) = -111*p - 998. Determine k(-9).
1
Let f(w) = 16*w**2 + 5*w - 617. What is f(6)?
-11
Let p(h) = 2*h**3 + 11*h**2 - h - 95. Give p(-6).
-125
Let u(p) = -172*p + 800. Give u(4).
112
Let c(w) = w**3 - 14*w**2 + 27*w - 350. Determine c(14).
28
Let w(p) = p**2 - 46*p + 266. Give w(20).
-254
Let c(g) = -g**2 + 13*g - 57. Calculate c(11).
-35
Let k(h) = 35*h**2 - 700*h - 19. What is k(20)?
-19
Let o(d) = 2*d**3 - 13*d**2 - 6*d + 98. Give o(5).
-7
Let l(c) = -9*c + 508. Give l(58).
-14
Let k(b) = -15*b**2 + 11*b - 2. What is k(-2)?
-84
Let g(k) = 4*k**2 + 45*k - 11. Determine g(0).
-11
Let o(t) = -15*t - 285. What is o(-7)?
-180
Let r(p) = -2*p**2 + 32*p - 12. What is r(8)?
116
Let z(o) = -17*o - 372. What is z(-23)?
19
Let y(m) = -18*m**2 + 11*m + 11. Give y(-1).
-18
Let p(q) = q**3 + 63*q**2 - 65*q + 17. Calculate p(-64).
81
Let f(g) = 76*g - 648. Give f(9).
36
Let w(k) = 3*k**2 - 100*k - 4380. Give w(-25).
-5
Let s(w) = 153*w + 1221. Give s(-8).
-3
Let r(f) = -f**2 + 86*f - 1764. What is r(48)?
60
Let n(x) = 202*x + 5861. Calculate n(-29).
3
Let t(z) = -3369*z - 10101. Calculate t(-3).
6
Let f(y) = y**3 + 9*y**2 + 124*y + 533. What is f(-5)?
13
Let u(v) = v**3 + 19*v**2 - 2*v - 13. Give u(-5).
347
Let r(z) = 27*z - 74. Determine r(3).
7
Let x(z) = 1058*z - 3178. What is x(3)?
-4
Let n(m) = -531*m - 19648. Calculate n(-37).
-1
Let q(m) = 14*m - 531. Calculate q(38).
1
Let c(p) = 8*p**3 - 1038*p**2 - 260*p - 6. What is c(130)?
-6
Let f(p) = -31*p + 319. What is f(8)?
71
Let o(i) = 46*i. Give o(0).
0
Let l(b) = 5*b**2 - 4*b - 84. Calculate l(7).
133
Let k(i) = 4*i**3 - 21*i**2 - i + 9. What is k(5)?
-21
Let t(i) = 2686*i - 21484. Calculate t(8).
4
Let b(t) = 97*t + 970. Give b(-10).
0
Let t(l) = l**3 + l**2 + 6*l - 10. Calculate t(1).
-2
Let a(u) = u**3 + 24*u**2 - 49*u - 599. Determine a(-25).
1
Let r(z) = z**3 + 306*z**2 - 270*z + 11390. What is r(-307)?
31
Let x(r) = 11*r - 302. Determine x(51).
259
Let y(v) = -118*v - 3796. Calculate y(-31).
-138
Let t(g) = -12*g**2 - 437*g + 302. Calculate t(-37).
43
Let o(p) = p**3 + 8*p**2 - 125*p - 818. Give o(-6).
4
Let y(m) = -m**3 + 57*m**2 + 109*m + 544. Determine y(59).
13
Let b(x) = -x**2 - 44*x + 13. Calculate b(-45).
-32
Let u(t) = 17*t**3 - 201*t**2 - 29*t - 93. Calculate u(12).
-9
Let p(h) = 2*h**2 - 123*h + 719. Calculate p(55).
4
Let l(y) = 392*y - 6. What is l(0)?
-6
Let i(j) = -j**3 - 51*j + 88. Give i(0).
88
Let b(u) = 66*u + 23. Give b(7).
485
Let p(g) = 302*g + 6343. Give p(-21).
1
Let l(q) = -7*q + 62. Give l(-8).
118
Let s(l) = -16*l**2 - 103*l - 10. Determine s(-7).
-73
Let l(v) = -v**3 + 8*v**2 + v - 28. What is l(5)?
52
Let d(g) = g**2 + 15*g - 26. What is d(-15)?
-26
Let w(p) = 9*p + 32. Determine w(-3).
5
Let h(s) = -252*s + 4572. Determine h(18).
36
Let z(g) = g**2 - 19*g - 79. Give z(-3).
-13
Let i(p) = -2*p**3 + 19*p*